s (4 - (17 + -3)) + (18 - (-17 - -56))?
-31
What is the value of -5 + 1 + -2 + 2 + 2 + 0?
-2
What is the value of 1 - (-20 + 14 - (1 - (5 - -3)))?
0
Evaluate -14 - -1 - 10 - -18.
-5
What is -2 + 0 + 6 + 0 + 0 - 4?
0
Evaluate 1271 + -1275 + (-1 - 1 - 5).
-11
Evaluate 31 + -11 + -36 + 17.
1
What is the value of -1 + 1 - ((-18 - -14) + (-4 - -2))?
6
9 - (-4 - (7 + -33))
-13
What is 18 + (-3 - 1) + (-13 + 22 - 12)?
11
What is the value of -5 - (-66 + 68 + -1 + (-9 - 1))?
4
What is 15 - 5 - (-1 - (-11 - -5))?
5
What is (0 - 13) + (53 - (50 + 11))?
-21
-10 - (-12 + -27 + 18)
11
What is 27 + 23 + -66 + 14?
-2
What is the value of (9 + -8 - -1 - 1 - -8) + 8?
17
Evaluate -1 + (3 + -2 - (-4 + 19 + -14)).
-1
-9 - (-16 + (9 - -18))
-20
Evaluate (-440 - -435) + -1 + -12.
-18
Evaluate 2 + (-21 - -11 - -2).
-6
Evaluate -42 - (-30 - (-7 + 0)).
-19
Evaluate 8 - ((-3 - 0) + 18 + -13).
6
What is the value of (7 + -11 - (-9 + 9)) + 16 - 0?
12
Evaluate 9 + (12 - ((5 - -4 - 21) + 32)).
1
Calculate 4 - 14 - (4 - (14 - -1)).
1
7 - ((6 - -29) + (-1 - (-9 + 10)))
-26
-10 + -4 + 15 - (2 + -2 - 2)
3
0 + 2 + -108 + 117
11
Calculate -1 - ((2 - 9) + (26 - 32) + -2).
14
Evaluate -11 - (-8 - (-13 + (-4 - -6) - -38)).
24
0 - (-6 + (-10 - (-16 + 6)))
6
22 + (-1 - 13) - -3
11
What is the value of (-37 - -7) + 20 + -5?
-15
What is (5 - (1 - -2)) + -12 + (17 - 25)?
-18
-13 - -23 - ((0 - -2) + -6)
14
What is -2 - (-9 + (6 - -7) + 8)?
-14
Calculate 4 + -5 + 12 + (-26 - -32).
17
Evaluate 0 + 0 - (-50 - -48) - (-10 + 1).
11
Calculate -16 - -16 - (-1 + -4 + 27).
-22
What is the value of -13 - -9 - (-2 - 24) - (-19 + 16)?
25
-2 + 19 - (-4 + 30 + -18)
9
Calculate -4 - (-1 - (-2 + (4 - -1))).
0
What is the value of 16 + (-19 - -7) + (-2 - 1)?
1
Calculate (9 - (12 + 2 + -7 + -1)) + 8.
11
What is the value of (0 - 6) + -118 + 117?
-7
Calculate 6 + -13 + 4 + 0 - (-16 - -1).
12
What is -11 + (-10 - (-17 - -18 - 0))?
-22
-5 + (24 + -15 - (3 - 5 - -1))
5
Evaluate -3 + 7 + (3 + 1 - (-1 + 8)).
1
Calculate (28 - 17) + (-4 - -1) - 7.
1
-5 + 19 - (10 + 2 + -1)
3
-13 + 4 + -1 + 9
-1
Calculate -5 + -1 + -4 + 6 + 1 + 0.
-3
Calculate (10 - ((4 - (11 + 5)) + 10)) + -25.
-13
Evaluate -25 - -9 - 5 - ((12 - 8) + -11).
-14
-16 - (-17 - 20) - (-6 - (-6 - -2))
23
Evaluate 113 + -105 + (0 - 8).
0
Calculate 5 - (36 + -7 - 13).
-11
(-15 - (16 - 28)) + 1 + 2
0
What is the value of -8 - ((-20 - -15) + 1 + -14)?
10
What is 2 - (-24 + 16 + (7 - 14))?
17
Evaluate -9 - (-10 - (15 + -3)).
13
What is the value of (-6 - (4 - (15 - 8))) + 2?
-1
What is the value of (-13 - (10 - 23)) + (-4 - 0) - -5?
1
Calculate 17 - (16 + -8 + 18).
-9
Calculate -1 - -35 - (-288 - -302).
20
-1300 + 1292 + (1 + (-1 - -1) - -9)
2
Calculate (-20 - (6 - 11)) + 10.
-5
What is 1 + 13 + (79 - 84)?
9
Calculate -22 + 16 + 2 + 16.
12
What is (-10 - -19) + -26 - (12 - 18)?
-11
What is -127 + 117 - (1 - 11)?
0
Evaluate -5 + -11 + 2 + 9 + -4 + -15.
-24
What is the value of -3 + 40 - 17 - 8 - -12?
24
Evaluate -9 + (22 - (22 + -19)).
10
What is the value of -520 + 503 - (-36 + -1 - 1)?
21
What is the value of 16 + -24 + 0 - 15?
-23
(-11 - 1 - -5 - -10) + -7
-4
Evaluate 2 + (-36 - -27) + (7 - -1).
1
2 + -1 - (-3 + -3) - -1
8
What is the value of 9 + 0 + (14 - (-7 - -27))?
3
What is 2 - (3 - (5 - (-2 + 5 + -4)))?
5
Calculate 38 + (-9 - -6) - (32 - 16).
19
What is -10 + 4 - 5 - 5?
-16
Evaluate -4 + (35 - (5 + -5 + 4 - -1)).
26
Calculate (8 - -1) + (22 - 18) + -26.
-13
What is -3 + -1 - (34 - 45)?
7
What is (-24 - (-23 - -41)) + 73?
31
-71 + 52 + (6 - -13)
0
What is -12 - (1 + (-14 - -5 - -5) + 4)?
-13
307 + -298 + (-3 - -13 - -3)
22
-11 + 4 - (4 - 20)
9
Calculate 316 - 323 - (-2 + (-1 - 0)).
-4
What is 14 + (-30 - (-21 + 24))?
-19
Calculate -6 - -1 - (-6 + -3 + 8 + -6).
2
What is the value of -5 - 2 - ((-1 - -10) + (7 - 8))?
-15
Calculate 12 + (16 - 48) - -34.
14
What is 5 + (-29 - -1) + (-2 - -13)?
-12
What is the value of 12 - ((-5 - 4 - 3) + -5)?
29
(-12 - -8) + (34 - 0) - (-11 + 22)
19
What is the value of -6 + -1 - ((-31 - -53) + -14)?
-15
7 + (-1 - 0) + (11 + -6 - 4)
7
Evaluate (5 - 7) + (4 + (1 - -2) - 7).
-2
-2 - -4 - 5 - (0 + 17 - 18)
-2
What is -4 + (-10 + 9 - (1 - 3))?
-3
Calculate -4 + 5 + -20 + 4 + 5 + -6.
-16
Calculate 17 - (-7 - 2) - (-15 + 15).
26
What is the value of (5 - 1) + -24 - (1 - 9)?
-12
Evaluate 1 + 11 + -19 - (-30 - -11).
12
-15 + -3 + (3 - -15)
0
What is the value of -5 - (-5 - (-12 + 21))?
9
What is the value of (-2 - 1) + -9 + (-11 - -2 - -12)?
-9
What is the value of (6 - (23 - 8)) + (3 - -2) + -15?
-19
Calculate -20 - (16 + 24 - 85).
25
Evaluate 7 + (7 - 0 - (-155 + 162)).
7
Calculate 36 - 8 - (-4 - -16) - 12.
4
Calculate -8 + (-23 - -44) + (-1 - 19).
-7
Evaluate (22 + -43 - -11 - -29) + 1 + 0.
20
Evaluate (2 - (9 - 1)) + (-21 - -20) + 5.
-2
Evaluate (23 + -51 - -27) + (-1 - -9).
7
Calculate -195 - -213 - (-1 - 11).
30
184 + -188 + (-1 - -6) + -7
-6
Evaluate 10 + (3 - -4) + -9 + 4 + -2.
10
Calculate 1 + -8 + 17 - 15.
-5
Calculate (11 - 18) + 2 + 0 + -3.
-8
What is (25 - 26) + (2 - -14 - (0 - 0))?
15
-26 + (4 - (9 - 21))
-10
What is 23 - ((10 - 18) + 17) - (-9 + -1)?
24
Evaluate (-44 - (-10 + -14 + 10)) + -2.
-32
What is the value of 12 - (18 - (-7 + 11))?
-2
Calculate 4 + -10 - (11 + (-2 - 10)).
-5
What is (-12 - -19) + -3 + (10 - 11)?
3
Calculate 42 + (-36 - 3) + -23.
-20
What is (-86 - -81) + (-11 - (-1 - 4))?
-11
What is -1 + 21 + -7 + -25?
-12
What is the value of (-9 - (-6 - 0)) + 1 - (5 + 1)?
-8
-1 - -29 - ((-40 - -41) + 8)
19
What is the value of 24 - (0 + 0 + (-27 - -34))?
17
Evaluate 0 + 20 + 489 + -493 - -2.
18
What is the value of 2 + 5 + -123 + 107?
-9
Calculate ((-9 - -8) + 2 - 3) + 5.
3
(7 + -5 - 7) + (6 - 5)
-4
What is the value of -9 + (13 - (11 + 3))?
-10
What is (208 - 203) + -3 + 0 + -5?
-3
What is the value of 13 - ((34 - 16) + 1 - -6)?
-12
What is 49 - 43 - (-1 + -12 + 4)?
15
What is the value of 10 + 0 + (6 - -5) + -8?
13
What is -3 + 1 + -6 + -4 - (-46 - -6)?
28
What is 18 - 28 - (-13 + 0)?
3
Calculate -3 - (13 + -15 + 0 + 8 + -3).
-6
What is the value of -7 + (-11 - -20) - (-1 - 2) - 5?
0
Calculate (2 + (6 - (7 - 2)) - -3) + 6.
12
Calculate -133 + 133 - ((-4 - -3) + -5 + 0).
6
(33 - (-9 - -12)) + -11 - (-1 + 2)
18
Calculate 2 - 1 - -8 - (6686 - 6647).
-30
Evaluate (-5 - -16) + 7 + -3 + (-8 - -3).
10
(-14 - 1 - (-7 + 7)) + -7 + 8
-14
(4 - -1) + (11 - (11 - (-3 + 7)))
9
What is the value of -36 + 90 - 19 - 13?
22
What is 3 + (-1 - -7) + -7 + -3 + 13?
12
What is the value of (6 + -7 - -6) + -5 + -4 + 7?
3
(0 - (-9 + -4)) + -2
11
What is 17 + -19 - 45 - -80?
33
-9 + (-13 - (19 - 7 - 17))
-17
Evaluate (1 - 0 - -1 - 10) + (53 - 59).
-14
What is the value of 3 + (-4 - -6) - (1 - (-8 - -4))?
0
Evaluate 31 + (222 + -247 - (-12 - 0)).
18
Evaluate 10 + 12 + (-13 - (-16 + 5)).
20
What is the value of (5 + -16 - -5) + (2 - 4 - -19)?
11
What is -8 + (0 - (-2 + 9 + -12 + 5))?
-8
What is the value of -2 + (2 - (-11 - 0))?
11
Calculate (25 - 41) + (2 - -1).
-13
Evaluate -1 + 0 - 2 - (-166 - -143).
20
What is the value of -307 - -328 - (2 + -2 + 2 + -8)?
27
Evaluate 15 + -18 + -12 + 2 + -5 - -1.
-17
What is the value of -19 - (-15 + (15 - (-3 - -1)) + -8)?
-13
Calculate -10 - (22 - (62 - 15)).
15
What is the value of 2 - (-2 - (-13 - (-6 - 25)))?
22
What is 2 + -1 + 0 + (-18 - (8 - 31))?
6
4 - 1 - 0 - (-2 - 9)
14
What is the value of -6 + (4 - 3 - (0 + 2))?
-7
Evaluate (-2 - -5) + -4 - (-16 - (-22 - -10)).
3
(2 - 1) + (-19 - -1) + 25
8
4 + (17 - (-8 - (-30 - 6)))
-7
What is (-3 + -11 + (9 - 4) - -12) + 5?
8
Calculate 1 + -5 + 2 + 7 - (3 + 3).
-1
What is the value of -17 - ((25 - 43) + 15 - (-1 + -5))?
-20
-34 + 62 + -26 - (-13 + 1)
14
What is 21 + (-1 + -7 - -3)?
16
Calculate -4 + -5 + 5 + 2 + (0 - 7).
-9
Calculate -25 - 4 - -7 - (-36 - -45).
-31
What is the value of 17 + -9 + -2 + 0 - 9 - 15?
-18
What is (-3 + -4 - -20 - 5) + (-3 - 2)?
3
12 - (-10 - (0 + 4)) - (5 - 6)
27
Calculate -103 + 113 + 5 + 0 + 3 + -8.
10
What is -5 + 11 - (-10 + (19 - 2))?
-1
Evaluate -6 - (3 + 11 + (3 - 49)).
26
What is the value of 40 + 9 + -78 + 14 + 2?
-13
What is (2 - (1 + -10 + 18)) + -5?
-12
Evaluate -64 + 57 - (-2 + 19 + -3).
-21
Evaluate (10 + 2 - (8 + -2)) + -10.
-4
What is the value of 3 + (8 - 2 - -3)?
12
Calculate 1 + -12 + 9 +